1 - (-6 - 9))
1
Calculate (12 - 11 - 0) + (0 - -1).
2
What is 0 - (-7 - -4) - -2?
5
What is -2 + (-3 - (-5 - -1))?
-1
Evaluate -6 + (12 - (1 + -1)).
6
What is (25 - 14) + -3 - 8?
0
What is 4 + -1 + (-9 - -9)?
3
1 + 0 + (-8 - (-5 + -1))
-1
Evaluate 0 + 5 - (7 - (4 - -4)).
6
-12 - (-6 + -2 + -4)
0
1 + 0 + 15 + -12
4
239 - 239 - (0 + 5 + 1)
-6
Calculate -8 + -2 + -1 - (-3 - 1).
-7
-9 - (1 + 1 + 0 - 6)
-5
Evaluate 0 - 3 - 0 - (-5 - -2).
0
What is -3 + 1 + 3 + 4 + 0?
5
What is the value of -14 + (-4 + 2 - -6) - -4?
-6
Calculate 0 - (-3 + (-6 - -9)).
0
2 - (-3 + 3 + 8 - 3)
-3
What is (-15 - -7) + 22 - (0 + 7)?
7
Evaluate -4 - ((4 + 2 - 14) + 1).
3
Evaluate 8 - 6 - (7 - (-2 + 6)).
-1
What is the value of (9 - 12) + 5 - -5?
7
Evaluate -3 - (-15 + (-2 - -6) + 3).
5
What is 1 - (9 - (8 + -1 + -3))?
-4
What is -4 + (16 - (11 - 5))?
6
Calculate (0 - 4 - -3) + 2 + -2.
-1
What is -10 + (-11 + 6 - -10) + -1?
-6
Calculate 4 + 1 - (-4 - (-24 + 10)).
-5
What is (1 - 4 - -4) + -8 - -2?
-5
What is 7 - ((-6 - -14) + -2)?
1
1 + -5 + -7 - -8
-3
What is (6 - 10) + 7 + 0?
3
Calculate 0 - -7 - (-1 + 0 + 4).
4
2 - (-7 - (3 + (-6 - -2)))
8
(3 - (3 + 2)) + 4
2
Evaluate (0 - 4) + 3 - (4 + -3).
-2
What is -4 - (-1 + -4 + 3 + 1)?
-3
What is 2 + -4 + 6 - -1?
5
(-8 - (2 + 0)) + (-2 - -5)
-7
0 - -4 - (96 + -96)
4
Evaluate 5 + -3 + -15 + 7.
-6
What is -1 + -9 + 5 - -10?
5
Evaluate (-6 - -6) + 7 + 3.
10
Calculate -1 - (3 + (1 - 6) + 6).
-5
What is (4 - (-1 - -8)) + -2 + 0?
-5
What is 7 + (2 + 1 - 15)?
-5
(-38 - -11 - -10) + 9
-8
Evaluate -22 + (-8 - (-20 - 1)).
-9
What is 3 - (-3 - (-5 - -1)) - 0?
2
What is the value of 57 + -56 - (8 - 1)?
-6
What is -12 + 3 - (52 - 53)?
-8
What is (-1 - 5) + 1 + 6 + 4?
5
Calculate (0 - -6) + -4 + 1.
3
Evaluate -46 + 42 - (-8 + (1 - 0)).
3
What is the value of 1 - -22 - 9 - 10?
4
Calculate 1 + (-3 - (1 - 2 - 1)).
0
2 + (14 - 14 - (1 + 2))
-1
(-6 - -1) + (-8 - (5 + -12))
-6
Evaluate 0 + -2 - (-5 + (1 - 3)).
5
Calculate (1 - (-4 + (9 - 3))) + -4.
-5
What is -6 + (4 - (4 + 8)) + 7?
-7
Calculate -13 + 2 + -2 + 6.
-7
What is (-8 - (-3 + -13)) + -10?
-2
What is the value of (1 - 3) + (-129 - -141)?
10
What is the value of (0 - (10 - 0)) + 2?
-8
What is the value of (0 - -6) + (-4 - 0)?
2
What is the value of 0 - (1 + -5 - (0 + 0))?
4
What is -14 + 8 + 4 - (0 - 0)?
-2
What is -11 - (8 + -26 + 6)?
1
Evaluate -2 - 2 - (6 + -2 + -7).
-1
-1 - (5 - (2 + 5))
1
What is 1 + 3 + 0 + 1?
5
(2 - 1) + (3 - 0) + -4
0
Calculate -5 + (-8 + 7 - -1).
-5
(-1 - 6) + 7 - 2
-2
What is -14 - -3 - -11 - (1 - 4)?
3
Calculate 0 + -4 + -19 + 32 + -7.
2
What is the value of -3 + (-8 - -5 - -1) - -12?
7
What is -3 + 5 + -6 + 0?
-4
What is 2 - (0 + -4 - (-44 - -33))?
-5
Calculate (-23 - -19 - -3) + (9 - 1).
7
What is the value of (-2 - -4) + (-1 - 1) + 1?
1
Evaluate (-4 - -2) + 8 + -5.
1
-1 - 2 - (28 + -32)
1
What is the value of -1 - 4 - -5 - (5 - 0)?
-5
Evaluate (-6 - -6) + (6 - (4 - -1)).
1
What is -2 - (7 + -10 + 0)?
1
6 - (10 + -16 + -3 + 15)
0
Calculate 3 + (-1 - (-5 - -9)) + -9.
-11
Calculate -12 + 22 + -4 - 15.
-9
Evaluate 0 + 4 - (-4 - -8 - 4).
4
What is 40 - 41 - (-9 - (-4 - -2))?
6
What is 11 + -13 + -10 - -20?
8
What is -2 + 0 + (3 - 1 - 5)?
-5
Evaluate 2 - ((0 - 1) + (1 - -2)).
0
Evaluate 1 + 12 + -13 - (-4 + 1).
3
What is -7 + (7 - 4) + 2 + 0?
-2
(2 - -1) + 0 + 5 + -13
-5
What is the value of -4 + (-7 - -3) + 4?
-4
15 - (37 + -10) - -5
-7
What is 6 + -3 + -1 + 1 - 5?
-2
What is the value of 31 + -39 - (-4 + 0)?
-4
-1 - (-12 + 4 + 7)
0
What is the value of 7 + (-11 - (0 + -6))?
2
Calculate -3 + 5 + (5 - 6) + 1.
2
Evaluate -4 - (2 + -6 - (0 + 1)).
1
What is the value of -12 - (-3 - 3) - -9?
3
Evaluate (-16 - (-15 - -6)) + 7.
0
Calculate (1 - (2 + -1)) + -3 + 5.
2
Calculate -5 - (3 - (15 - 6)).
1
What is the value of 9 - (3 - (-8 + 3))?
1
What is the value of -8 - (-7 + 1) - (-2 + -1)?
1
4 + 1 - (-6 + 6) - 7
-2
Calculate 4 + 3 + -5 - 7.
-5
What is the value of -2 + 8 - 0 - (6 - 5)?
5
Calculate (-1 + -7 - -5) + (-3 - -5).
-1
-6 + (9 - 1) + -5
-3
What is -2 + 5 + 1 - (-2 - 0)?
6
Evaluate -3 + 5 + (-3 - 0).
-1
Calculate (6 - 10) + 3 + -3.
-4
Calculate 2 - (-6 - -15 - 4 - 8).
5
Evaluate -5 + 2 + (0 - -1) + 0.
-2
What is -5 - ((-4 - -5) + -4)?
-2
Evaluate 5 - (-7 + 15) - -6 - -5.
8
Evaluate -2 - 1 - (3 - (5 + -3)).
-4
What is 1 - (0 - 0 - (-2 + 1))?
0
What is 7 + -3 + -1 + -2 + 0?
1
What is the value of -2 + -2 + (3 - 2) + 3?
0
Calculate (-12 - (1 - 22)) + -13.
-4
What is (-17 - -13) + 2 + -1?
-3
What is the value of -6 - (3 - (23 - 10))?
4
What is the value of 1 + (5 - 6) + -2?
-2
Calculate 5 + (3 + -3 - -5) + -13.
-3
What is the value of -14 + -2 + 12 - 3?
-7
What is the value of 6 + -1 - (18 + -3 + -5)?
-5
Calculate (-9 - (5 + -1 - 7)) + 4.
-2
What is 12 + (-2 - (-5 - -6))?
9
Evaluate 4 - 3 - 8 - -3.
-4
Calculate 3 + 1 + 6 + 0.
10
What is the value of -10 - -1 - (-21 + 8 + 11)?
-7
-1 + (-9 - -7) - -9
6
What is -1 - (6 - 7) - (-8 - -5)?
3
4 - -1 - (3 + 1)
1
What is the value of 0 + 0 + 7 + -10?
-3
What is 4 + -4 + 6 - (-21 - -22)?
5
What is 3 - ((-11 - -7) + (3 - -5))?
-1
What is the value of -3 - -1 - (3 + 1 + -2)?
-4
Evaluate -7 + 9 + (-7 - -1).
-4
-14 - -18 - (-4 + 14)
-6
Evaluate (-5 - (1 + -1 + -3)) + 5.
3
What is (-12 - -17) + -5 + 2 + -1?
1
Calculate -17 + 21 - (-1 + 1).
4
Evaluate 1 + 1 + (-5 - -4).
1
What is the value of 5 + -3 + 5 + 1?
8
-14 - -16 - (0 + 2 + -6)
6
Calculate -5 - (-8 + 8 - 4) - 6.
-7
What is the value of -5 - -10 - 6 - (5 - 2)?
-4
What is the value of -6 + 1 + (3 - -4)?
2
What is the value of (10 - 13) + (-1 - 2)?
-6
What is the value of 1 + -2 + 1 + 1?
1
What is 1 + (-7 - -1) - 0?
-5
Evaluate -2 - (-1 + 0 - 2 - 0).
1
Calculate -4 + (-4 + 1 - -6).
-1
What is -3 + -3 - (3 + -9 + 4)?
-4
What is the value of 2 + (-3 - -3) + -6 + 6?
2
Evaluate -5 + -25 + 20 + 5 + 0.
-5
What is the value of (-8 - -3) + 8 - (1 + -1)?
3
1 - (8 + (-11 - -5))
-1
4 + 2 + -2 - (-1 - -1)
4
Calculate -4 + -1 + 4 + -4.
-5
Calculate (7 - 2) + (-4 + -6 - -11).
6
Calculate -83 + 94 + (-6 - (-1 + 2)).
4
What is -4 + 9 - (-6 - -6)?
5
4 + (0 - 4) - 2
-2
Calculate 0 - 1 - -6 - 5.
0
1 - -19 - (-77 + 91)
6
Calculate -2 + (-7 - -1) + 8.
0
Evaluate 26 + -26 - (-1 - -7).
-6
Calculate -6 + (8 - (-13 - -5)).
10
Calculate (-4 - 9) + 35 + -13.
9
-2 - ((1 - 4) + 0 + 3)
-2
What is 4 + 2 + -14 - 1?
-9
What is -6 + 0 + 5 + -2?
-3
What is the value of 3 + (-3 - (1 - 1 - 0))?
0
Evaluate (-1 - 5) + (6 - 4 - -4).
0
-14 - -1 - (-1 - 5)
-7
What is the value of (7 - 10) + -5 + 2?
-6
(-4 - -14 - 4) + (-1 - 1)
4
Calculate 3 - (1 + 4) - (13 - 13).
-2
Evaluate 4 - 8 - 1 - -6.
1
Evaluate 35 + -52 - (-8 - 2).
-7
What is the value of (-8 - -12) + (-2 - -1) + -13?
-10
What is the value of 0 - (2 - 7) - (0 + 0)?
5
What is the value of -111 + 101 - (1 + -1)?
-10
Evaluate 11 - (4 + -2 + 4).
5
Evaluate (4 + -14 - -8) + -1.
-3
Calculate 0 - (1 - 5) - -3.
7
What is 0 - -1 - (8 - -7 - 21)?
7
Evaluate -6 + (0 - (-5 - 1)).
0
Evaluate 2 + 4 - 1 - 5.
0
What is (20 + -4 - 3) + -12?
1
What is the value of -7 + 0 - (-2 - 1)?
-4
What is the value of (5 - 2) + 0 + -4 + 3?
2
Calculate -1 + (-2 - (-4 + 2 + 1)).
-2
-4 - (-2 + -4) - (3 + 0)
-1
What is the value of -1 - (-4 + -2) - (7 + -1)?
-1
-2 - ((8 - 0) + -4)
-6
What is the value of -7 + 10 - (-4 - -12) - -7?
2
What is the value of (-2 - (2 + 0 - 4)) + 1?
1
Calculate -1 + (-1 - -2) + 4.
4
Calculate 6 + (0 - 1) + -3 + 3.
5
Calculate 0 - (-1 + 6 - -2 - 10).
3
Evaluate -6 - (-1 - (1 + 8)).
4
(-31 - -23) + (5 - 0)
-3
Evaluate -7 + 2 - (-6 + (1 - 9)).
9
Calculate (5 - 0) + -13 + 5.
-3
-1 + 2 - (1 - 5)
5
(5 - -2 - 9) + 5
3
Calculate 3 + 1 + -1 + -10 + 3.
-4
Evaluate -7 + 4 + -11 + -16 + 21.
-9
Calculate 25 - 21 - (0 + -2 - -6).
0
Evaluate -8 + 15 - (10 + -4).
1
-2 - -3 - -2 - -2
5
Calculate 8 - ((6 - -1) + -2).
3
-1 + 2 + 4 + -3 - -1
3
1 - (1 + 5 + -6)
1
(1 - -5) + (-24 - (-21 + 12))
-9
Calculate (-2 - -15) + (-1 - 13).
-1
What is the value of 0 + 5 + (-1 - 7)?
-3
Calculate 1 + -3 + (1 - (-5 - -3)).
1
Evaluate 0 - -8 - (-28 + 12 + 17).
7
7 + (0 - 5) - 6
-4
-9 - (-9 - 0) - (-1 + -3)
4
What is -9 + 7 + -14 + 9?
-7
Calculate -7 - (2 + -7 - 2).
0
What is -3 - (17 - 8 - 9)?
-3
What is -5 + 12 - (-3 + 8 + -3)?
5
Evaluate -4 + -16 - (21 - 31).
-10
-1 + (2 - -4) + -2 + -7
-4
Evaluate -14 